 base 15.
1c36
Convert 290 (base 13) to base 3.
121212
-c305 (base 15) to base 11
-28a37
What is 981 (base 13) in base 15?
736
-101010101010001 (base 2) to base 5
-1144331
What is 7b9 (base 12) in base 11?
955
Convert 100100000101 (base 2) to base 5.
33214
-13443 (base 8) to base 6
-43231
Convert -2055 (base 11) to base 12.
-16aa
429 (base 11) to base 10
515
Convert -36a3 (base 12) to base 4.
-1200123
Convert -102102 (base 3) to base 11.
-260
7a3 (base 11) to base 14
4c8
What is -d4 (base 14) in base 11?
-15a
What is -b3aa (base 13) in base 6?
-310514
Convert 9a17 (base 11) to base 13.
601c
Convert 121210 (base 3) to base 13.
28b
Convert -a0ea (base 16) to base 11.
-28a4a
What is 111010111100010 (base 2) in base 10?
30178
Convert 1010011010 (base 2) to base 13.
3c3
What is -420b (base 13) in base 11?
-6957
Convert 243 (base 10) to base 8.
363
-1d8 (base 14) to base 5
-3021
ab01 (base 16) to base 3
2020001101
1178 (base 9) to base 11
731
1493 (base 16) to base 9
7202
Convert -1155 (base 6) to base 3.
-101122
1101000110 (base 2) to base 3
1011001
What is 111010111 (base 2) in base 11?
399
Convert 211110200 (base 3) to base 14.
5d80
Convert 2ab4 (base 16) to base 3.
112222220
Convert -530 (base 13) to base 2.
-1101110100
What is 203154 (base 7) in base 4?
20132223
What is 41382 (base 10) in base 11?
29100
Convert -19b2 (base 14) to base 6.
-33332
What is c0 (base 16) in base 2?
11000000
Convert -209 (base 11) to base 5.
-2001
Convert -219 (base 12) to base 8.
-465
Convert 4907 (base 13) to base 14.
3a8c
What is -202 (base 9) in base 4?
-2210
Convert 431200 (base 5) to base 9.
21856
Convert 2364 (base 10) to base 4.
210330
What is 2461 (base 8) in base 3?
1211020
What is -10ba4 (base 13) in base 3?
-1112220122
Convert -14467 (base 8) to base 16.
-1937
111611 (base 7) to base 4
10312031
What is 7482 (base 10) in base 4?
1310322
-817b (base 14) to base 7
-121614
1120103 (base 4) to base 11
4278
-11111110010110 (base 2) to base 4
-3332112
3000 (base 4) to base 16
c0
Convert -11322 (base 4) to base 10.
-378
Convert -58 (base 16) to base 14.
-64
Convert -1000110100 (base 2) to base 16.
-234
Convert -3641 (base 9) to base 6.
-20314
-72673 (base 9) to base 13
-18a86
What is -981 (base 13) in base 8?
-3132
252 (base 9) to base 4
3101
Convert 12221 (base 6) to base 4.
130111
Convert -121010 (base 3) to base 16.
-1b3
Convert 134 (base 16) to base 5.
2213
-100010000010 (base 2) to base 11
-1700
What is -a2 (base 11) in base 16?
-70
Convert 308 (base 16) to base 7.
2156
Convert 1511 (base 6) to base 9.
487
2102 (base 6) to base 11
398
3581 (base 15) to base 10
11371
-dc7 (base 16) to base 3
-11211122
Convert 201222 (base 3) to base 12.
38b
What is -861 (base 9) in base 10?
-703
Convert -280a (base 12) to base 9.
-6301
-2113 (base 6) to base 2
-111011101
What is 372 (base 14) in base 15?
30d
Convert -150 (base 15) to base 2.
-100101100
11020223 (base 4) to base 13
9761
Convert a12 (base 11) to base 10.
1223
-122322 (base 5) to base 7
-16511
Convert 50243 (base 10) to base 14.
1444b
What is -4107 (base 12) in base 9?
-10617
Convert -1742 (base 9) to base 4.
-110312
-10200 (base 4) to base 10
-288
Convert -2453 (base 8) to base 16.
-52b
Convert -1303 (base 7) to base 9.
-607
-582d (base 16) to base 12
-11091
What is -2233023 (base 4) in base 8?
-25713
What is -15131 (base 6) in base 5?
-34211
11010001111 (base 2) to base 13
9c2
-10003223 (base 5) to base 9
-128682
Convert -23122 (base 4) to base 3.
-1000001
8a (base 12) to base 3
10221
Convert 533a (base 13) to base 6.
125233
Convert -9372 (base 14) to base 15.
-77c4
Convert 6050 (base 7) to base 13.
c50
-783 (base 10) to base 15
-373
-2210 (base 5) to base 2
-100110001
What is 3110300 (base 4) in base 8?
32460
What is b36 (base 14) in base 9?
3018
10015 (base 7) to base 8
4555
What is 602 (base 8) in base 7?
1061
1302 (base 5) to base 16
ca
Convert c8b (base 14) to base 3.
10101200
-10110 (base 5) to base 13
-3b5
Convert 27b (base 15) to base 16.
236
What is -1617 (base 13) in base 14?
-126b
What is -38305 (base 10) in base 5?
-2211210
What is -9939 (base 10) in base 12?
-5903
228b (base 13) to base 14
1aa3
What is 8439 (base 11) in base 16?
2ba6
-17263 (base 14) to base 2
-1110001011110111
What is -1212122112 (base 3) in base 9?
-55575
Convert -25762 (base 9) to base 10.
-17390
Convert -111110110 (base 2) to base 8.
-766
What is -8a5 (base 14) in base 12?
-ba9
-120110201 (base 3) to base 4
-2300032
Convert -311112 (base 5) to base 2.
-10011110101101
What is -5a4d (base 16) in base 6?
-255005
Convert -16cb (base 16) to base 11.
-4425
What is -49d (base 16) in base 8?
-2235
1266 (base 10) to base 12
896
Convert -3c96 (base 15) to base 12.
-7606
bb9 (base 14) to base 9
3156
What is -2489 (base 13) in base 11?
-3992
225 (base 7) to base 14
85
What is 968 (base 15) in base 8?
4113
What is -242 (base 15) in base 16?
-200
What is 2c8 (base 15) in base 2?
1001111110
What is 307 (base 10) in base 4?
10303
Convert -24230 (base 14) to base 11.
-60330
11211 (base 3) to base 12
aa
-3032 (base 16) to base 14
-46d4
-2c0 (base 15) to base 5
-10010
Convert 9662 (base 10) to base 6.
112422
Convert 3231 (base 4) to base 9.
283
-c1c7 (base 15) to base 12
-1b814
Convert -1548 (base 11) to base 5.
-30423
What is 24682 (base 9) in base 4?
10003112
Convert -ba7 (base 16) to base 4.
-232213
Convert -431442 (base 5) to base 15.
-44ec
-2102010 (base 3) to base 9
-2363
22255 (base 6) to base 8
6073
-550 (base 6) to base 8
-322
Convert -652a (base 11) to base 3.
-102211101
What is b0b (base 15) in base 13?
1193
What is 16423 (base 7) in base 3?
20102001
1a5 (base 15) to base 4
11330
What is -42e (base 16) in base 6?
-4542
Convert -583 (base 9) to base 5.
-3410
What is 3144 (base 6) in base 12?
4b4
What is -601 (base 13) in base 6?
-4411
What is 101110111001110 (base 2) in base 7?
130004
Convert -25921 (base 10) to base 14.
-9637
Convert -1e41 (base 16) to base 7.
-31403
101000100110000 (base 2) to base 4
11010300
What is -199 (base 13) in base 16?
-127
Convert 43660 (base 9) to base 4.
13010223
-1c71a (base 13) to base 16
-db43
What is 3a76 (base 11) in base 14?
1cd8
Convert -5350 (base 12) to base 9.
-13466
Convert 31161 (base 9) to base 11.
14490
Convert 64135 (base 7) to base 13.
72a6
219 (base 16) to base 3
201220
What is 2334 (base 5) in base 10?
344
-1b4 (base 14) to base 2
-101100010
10110110 (base 3) to base 16
9db
Convert -233200 (base 4) to base 3.
-11011121
Convert 101000001101 (base 2) to base 5.
40243
1010111011 (base 2) to base 10
699
Convert -3401 (base 5) to base 4.
-13130
38a (base 12) to base 4
20122
Convert 100000011110 (base 2) to base 7.
6026
Convert -de (base 16) to base 12.
-166
What is -2008 (base 11) in base 8?
-5156
Convert 8d0 (base 15) to base 13.
ba6
Convert -10011000111 (base 2) to base 16.
-4c7
Convert -2819 (base 11) to base 2.
-111001000010
Convert -41 (base 11) to base 12.
-39
-147 (base 12) to base 2
-11000111
-11434 (base 5) to base 8
-1545
Convert d8 (base 16) to base 10.
216
Convert 195ad (base 14) to base 8.
175365
Convert 100001010001010 (base 2) to base 14.
62ca
Convert 331 (base 9) to base 15.
131
Convert 400112 (base 5) to base 7.
51352
-6460 (base 7) to base 16
-8f8
1453 (base 13) to base 3
11000221
Convert 13264 (base 7) to base 14.
1434
1040 (base 7) to base 5
2441
-105254 (base 8) to base 11
-24743
-534 (base 10) to base 5
-4114
What is 2d0 (base 15) in base 14?
341
What is 2045 (base 14) in base 12?
3265
-200010210 (base 3) to base 6
-141120
1021 (base 6) to base 12
171
Convert 19986 (base 12) to base 3.
1220200210
-36303 (base 7) to base 16
-24c3
What is -89a (base 13) in base 14?
-779
What is -3034 (base 11) in base 8?
-7676
Convert -13441 (base 5) to base 14.
-5a1
What is -18080 (base 9) in base 2?
-11000010110001
21221221 (base 3) to base 7
22630
Convert -a71 (base 12) to base 11.
-1167
3545 (base 7) to base 14
695
What is -2238 (base 9) in base 8?
-3167
-1517 (base 9) to base 10
-1150
Convert 254 (base 16) to base 2.
1001010100
Convert 1798 (base 16) to base 2.
1011110011000
Convert 578 (base 11) to base 3.
221120
Convert -6592 (base 11) to base 16.
-21f4
Convert -11532 (base 7) to base 5.
-44022
Convert -40772 (base 9) to base 4.
-12203330
Convert -1435 (base 9) to base 13.
-656
C